 number?
True
Suppose 0 = -5*r, 4*z - 24*r = -26*r - 4852. Suppose 0*w + 5*v + 559 = -w, 4*w = v - 2320. Let j = w - z. Is j prime?
False
Let l = 371477 - 218628. Is l a composite number?
True
Suppose 0 = 5*p - 6*p - 2*a + 4567, 0 = 2*p + 2*a - 9126. Let n = p + -2610. Is n prime?
True
Suppose 44*q = 40*q - 112. Let z = q - -24. Is 1843 + (-1 + z - -3) composite?
True
Is (-4614)/8*(8792/(-196))/((-12)/(-56)) prime?
False
Let v(z) = -4*z - 5. Let y be v(-2). Let f be 12*((-16332)/8)/y. Is (4/8)/((-3)/f) composite?
False
Suppose -360*c + 202110 = -689*c + 344*c. Is c prime?
False
Let p = 955 - -103. Let q = 1739 - p. Is q prime?
False
Let x(c) = 5*c**2 - 10*c + 39. Let g be x(4). Suppose 175550 = -54*z + g*z. Is z a prime number?
False
Let k be 4*(-2)/24*-6 - -4. Suppose b = 3*t + 24740, 3*b - k*t + 4*t - 74255 = 0. Is b a prime number?
False
Suppose 10562*g = 10568*g - 3724446. Is g a prime number?
False
Let m be (-14)/(-3) - 4/6. Let s be 3/(7 - 55/10). Suppose m*a + 306 = s*q - a, 5*q = -3*a + 827. Is q a prime number?
True
Suppose -9*q - 31 = -175. Let d(z) = 2*z**3 - 32*z**2 + 6*z + 31. Is d(q) prime?
True
Suppose -2*m + 4*m - 9666 = 4*r, 9668 = -4*r + 4*m. Let b = -1157 - r. Is b a composite number?
False
Let w(u) be the first derivative of 1417*u**5/120 + 2*u**3 - 2. Let k(p) be the third derivative of w(p). Is k(1) prime?
False
Let b be (-25 - -2) + (3 - (4 + 3)). Is 6/b + ((-92009)/(-9) - 0) a composite number?
False
Let b(u) = -u + 1. Suppose f = 3*f + 8. Let m be b(f). Suppose 4*h + n - 4*n - 523 = 0, -2*n = m*h - 671. Is h a composite number?
True
Suppose -n + 2191797 = 5*i, -i + 38*n = 35*n - 438353. Is i a prime number?
False
Suppose 123*o = 8*o + 4462199 + 2295086. Is o a composite number?
True
Is 6/(-15) - 5495786/(-40) - 285/(-380) a prime number?
False
Is 300/(-165)*-511 - (-1)/(-11) a prime number?
True
Suppose 309*d - 311*d + 102 = 0. Suppose -d*i - 45647 = -58*i. Is i a prime number?
True
Suppose 10*b - 9*b + 4*v - 341681 = 0, 3*b + 8*v - 1025043 = 0. Is b prime?
True
Let t(a) = a + 1. Let o(b) = -15*b**2 + 15*b + 13. Let y(q) = -o(q) - 4*t(q). Is y(-16) prime?
True
Is 518438/6 + 48/72 a composite number?
True
Is 36/54 - 645231/(-9) a prime number?
True
Let b(r) = 23*r**2 + 8*r + 3. Let s be b(7). Suppose 3*x - s = 5423. Is x prime?
True
Suppose 0 = 64*d - 3735935 + 813759. Is d a prime number?
True
Let p = -37 - 59. Let a be 744/p + 2/(-8). Is (1538/a)/((-6)/((-144)/(-6))) a composite number?
False
Is (-48)/40 - (-3474817)/85 prime?
True
Let s = -933427 + 1596914. Is s a prime number?
False
Let z(o) = -1680*o**3 - 18*o**2 - 95*o - 1. Is z(-4) a prime number?
False
Let s be (-42 - -45)*(-8)/6 - -17570. Suppose s = 4*c + 2*o, -3*c + 4*o = 5*o - 13174. Is c a prime number?
True
Let q be 3 + (-52667)/(-4) - (-3)/12. Suppose 10*c + q = 16*c. Suppose -7*r + c = -8774. Is r composite?
False
Suppose -26 = 354*z - 352*z. Is (26/(-4))/z + 1994/4 prime?
True
Suppose 3*d - 346 = -i - 3*i, 0 = d - 2*i - 112. Let k be ((-31934)/(-49) - -5) + (-22)/(-77). Suppose -d = 3*z - k. Is z a prime number?
True
Suppose -3 = l - 2*i, -7*i + 3 = -6*i. Suppose -5*a + 2*f + l*f = -22945, 18356 = 4*a - 5*f. Is a a composite number?
True
Let x(z) = -z**3 - 13*z**2 - z - 9. Let v be x(-13). Suppose -29 = 3*c - v*p, 0 = -c + 6*c + 3*p. Is (1 - 0)*-977*(c - -2) a composite number?
False
Let c be (11 + -1)*((-9)/(-2) - 4). Suppose 0 = -c*d + 5*o + 9945, -4*d + 5*d = -o + 1997. Is d composite?
False
Let x be ((-4)/((-40)/74915))/(-1)*-2. Let l = x - 10272. Is l composite?
True
Suppose -103 = 7*p - 908. Suppose 8*n - 4043 = -p. Is n a prime number?
True
Suppose 0 = 23*o + 7*o + 390. Let k(t) = -2*t**3 + 12*t**2 + 6*t - 45. Is k(o) composite?
False
Suppose 0 = -2*k + 2*x + 18, k = -x - 1 + 16. Let t(n) = -2*n + 22. Let u be t(k). Is 549/3 + 2 - u composite?
True
Suppose 0*b + 5*b - 60 = 4*p, -3*b + 3*p + 36 = 0. Suppose 0 = 3*k - 2*j + 9, 5*k = -0*j + j - 15. Is (k/b*218)/(2/(-4)) a prime number?
True
Let f = -602 - -605. Suppose f*p = 61 + 512. Is p composite?
False
Suppose 133*t - 568358 = 233499. Is t prime?
True
Let i = 521 + -405. Let w = -29 + -562. Let l = i - w. Is l a composite number?
True
Let m be (2448 - -3) + -1 - 0. Let b = -1389 + m. Is b a prime number?
True
Let n be 7 + 2/((-10)/15). Suppose -n*j + 34811 = 3*y, -45*j - 4*y = -46*j + 8679. Is j composite?
False
Let f(q) = 7032*q**2 + 16*q - 40. Let z be f(3). Suppose 4*u = -22*l + 27*l + 63336, 4*u - z = -5*l. Is u a composite number?
True
Let t(a) = -3204*a - 181. Let j be 112/42*(-36)/8. Is t(j) a prime number?
False
Suppose w + 384265 = k, -768572 = -2*k - 12*w + 7*w. Is k prime?
False
Let u(p) = 26 - 20*p + 4*p**2 - 5*p**2 + 31*p**2 - 9. Is u(23) a composite number?
False
Let v(a) = -a**3 + 16*a**2 + 3*a - 9. Let d = 62 - 65. Let x be 26*(1 - (-4)/(-8)) - d. Is v(x) composite?
True
Let y be 85/15 - (-16)/(-24). Suppose -2*a - 2849 = -3*f, 4*f - y*a = -6*a + 3795. Is f a composite number?
True
Suppose 5*y = 2*z + 3*z + 26445, 4*y - 21151 = -z. Let k = y + -1935. Is k composite?
True
Let z = 1050260 - 586827. Is z composite?
False
Is 76292718/1030 + (-3)/12 + (-13)/(-20) composite?
False
Let v(r) = -328*r**2 + r. Let u be v(-1). Let x(c) = -2*c**3 - 29*c**2 - 12*c + 57. Let p be x(-11). Let m = u - p. Is m prime?
False
Suppose -3284 = -3*k + 2*k. Let q = k - 2168. Suppose 3*p - q = 8781. Is p composite?
False
Let x = 8 - -40. Suppose -x*v = -50*v - 62. Is v + 970 + (1 - 1*-1) a prime number?
True
Let d(f) = -39*f**3 + 2*f**2 + 3*f + 3. Let j(v) = 195*v**3 - 10*v**2 - 14*v - 16. Let u(i) = 11*d(i) + 2*j(i). Is u(-4) composite?
True
Let v = 1456 + -3012. Let o = 889 + v. Let t = 307 - o. Is t a prime number?
False
Let t(s) = 8*s + 2. Let f be t(2). Let w(n) = -n**3 + 20*n**2 - 13*n + 3. Let l be w(f). Suppose -4*a + 226 = 2*p, -p + 5*p + a = l. Is p a prime number?
True
Let a(q) = 24*q**2 + 49*q - 33. Let j be a(-36). Suppose -3428 - j = -5*y + 4*i, 5*i - 19641 = -3*y. Is y a prime number?
True
Let l = -112 + 163. Let n = l + -49. Is -159*10/12*n/(-5) a prime number?
True
Let p(u) = 27*u + 322. Let w be p(-11). Suppose -78510 = -31*h + w*h. Is h composite?
True
Let a be 388/(-3)*((-54)/4)/9. Let h be a/((3 - 8)/(-35)). Let q = h - -1044. Is q composite?
True
Let m = 411 + -359. Is (-4)/26 + 388084/m prime?
False
Let y(t) = -2*t + 8. Let g be y(4). Suppose -7*a + 13*a - 9366 = g. Is a a prime number?
False
Suppose 46 = 2*q - 3*y - 29, -q = 3*y - 51. Suppose 0 = -4*k + q*k - 75202. Is k a composite number?
False
Let u = 25012 + -8363. Is u a prime number?
True
Suppose 3*h = -3*b + 114036, 3*b + b - 3*h - 152041 = 0. Is b prime?
True
Let p(b) = 2769*b + 295. Is p(74) prime?
True
Let r = 32967 + -21155. Let u = r - 3641. Is u composite?
False
Let a(d) = 9*d**2 - 17*d - 55. Is a(21) composite?
False
Suppose 2*m - 570377 = -3*v, -223549 = -4*v - 3*m + 536956. Is v a prime number?
True
Let w = -24959 + 51298. Is w composite?
False
Let q(s) = 4*s**2 + 4*s - 16. Let t be q(-19). Suppose -z + 671 = -4*p, -z - z + t = -3*p. Is z composite?
True
Let w(k) = 2*k**2 - 17*k + 34. Let m be w(6). Suppose -3*s + 8*s = 0. Suppose -5*u - 5 = s, m*a = -4*u - 778 + 4178. Is a prime?
False
Is (2/4)/(16/(-24)*(-6)/5660072) a prime number?
False
Let v = 80742 - -13771. Is v composite?
False
Suppose -75*s - 484 = -280*s + 1156. Let t(n) be the second derivative of 5*n**4/12 - 2*n**3/3 + 23*n**2/2 - n. Is t(s) a prime number?
True
Let o(k) = k**3 - 4*k**2 - k - 4. Let t be o(5). Suppose t = -7*s + 1598. Let q = -129 + s. Is q prime?
True
Is 651519/23 + (-10)/(-345)*3 a prime number?
False
Let q(w) = -20*w**3 - w**2 + 2*w - 36. Let d be q(-7). Suppose -h = 3, 10*n - 6*n + h = d. Is n prime?
False
Let x(p) = -707*p + 8. Let f be x(2). Let v = 727 + f. Is ((-2)/(-5))/(4/20) - v a composite number?
True
Let o be -16 + 5742 + (2 - -1). Suppose -j = 4*s - 22922, -47*s + j = -48*s + o. Is s a prime number?
False
Let q(f) = 2*f**3 - 20*f**2 - 19*f + 16. Suppose 5*i - 3*d = -2*d + 76, 28 = 2*i + 2*d. Is q(i) a prime number?
False
Let j(w) = 2314*w + 485. Is j(6) a composite number?
False
Let g(j) = 290*j**2 - 298*j + 9. Is g(7) a prime number?
False
Is -10 + 6 - (-79722 + 5 + 7/(-7)) prime?
False
Let b = -707 + 712. Suppose 3